 - 63. Calculate c(-9).
-234
Let v(s) = 225*s + 10341. Calculate v(-46).
-9
Let z(r) = -r**2 + 21*r - 119. What is z(5)?
-39
Let b(j) = -2*j**3 + 4*j**2 + 18*j + 13. Calculate b(-5).
273
Let c(j) = -7*j**2 + 322*j - 1190. Give c(42).
-14
Let y(v) = 4*v**2 - 123*v - 37. Calculate y(31).
-6
Let y(w) = -4*w**2 + 676*w - 4002. What is y(6)?
-90
Let i(p) = p**3 + 17*p**2 - 18*p + 374. Calculate i(-19).
-6
Let j(g) = -g - 14. What is j(26)?
-40
Let r(y) = y**2 + 25*y - 988. Give r(21).
-22
Let p(f) = -51*f + 890. Determine p(16).
74
Let m(t) = 1229*t - 6143. What is m(5)?
2
Let i(k) = -3*k**2 + 140*k + 501. Determine i(50).
1
Let p(g) = -4*g**3 - 47*g**2 - 30*g - 23. Give p(-11).
-56
Let a(g) = 12*g**2 - 54*g + 23. Give a(6).
131
Let r(f) = f**2 + 10*f + 74. Give r(-6).
50
Let u(j) = j**2 + 8*j + 25. Give u(-3).
10
Let v(p) = 3*p**2 - 32. Give v(0).
-32
Let k(f) = 18*f - 858. What is k(48)?
6
Let z(g) = -47*g - 6212. Determine z(-130).
-102
Let t(v) = 192*v + 8062. Give t(-42).
-2
Let h(k) = k**2 + 422*k + 2914. Calculate h(-7).
9
Let t(w) = -w**3 - 6*w**2 + 8*w + 43. Determine t(-6).
-5
Let x(v) = -2013*v - 12092. Calculate x(-6).
-14
Let y(o) = 1940*o + 314275. What is y(-162)?
-5
Let c(w) = w**2 - 97*w - 397. Calculate c(-4).
7
Let t(d) = -24*d + 45. Give t(11).
-219
Let k(c) = -1701*c + 3392. Give k(2).
-10
Let q(w) = -70*w - 693. What is q(-10)?
7
Let k(x) = 5*x**3 + 17*x**2 + 12*x - 5. Give k(-2).
-1
Let z(p) = -p - 2. What is z(-12)?
10
Let y(n) = n**3 + 166*n**2 + 248*n - 13113. Give y(-164).
7
Let m(c) = -c**3 + 28*c**2 - 129*c + 2726. Determine m(27).
-28
Let z(g) = -g**2 - 187*g + 6. Calculate z(-187).
6
Let a(g) = 10869*g - 32602. Calculate a(3).
5
Let f(y) = 2*y**3 + 3*y**2 - 3*y - 12. Calculate f(0).
-12
Let o(j) = -j**3 + 54*j**2 - 102*j - 73. Calculate o(52).
31
Let d(f) = 171*f**2 + 1893*f + 9. Calculate d(-11).
-123
Let p(r) = -r**2 - 33*r + 68. Calculate p(-24).
284
Let a(b) = b**2 - 96*b - 605. Calculate a(-6).
7
Let o(a) = 10*a**3 + 190*a**2 + 6*a + 104. What is o(-19)?
-10
Let q(h) = h**2 + 4*h - 326. Calculate q(-20).
-6
Let u(v) = 29*v**2 + 10*v + 11. Calculate u(-1).
30
Let v(q) = -527*q - 72192. Calculate v(-137).
7
Let u(c) = -2*c**2 - 100*c - 97. Calculate u(-51).
-199
Let g(t) = -t**3 - 29*t**2 + 99*t + 47. Calculate g(-32).
-49
Let z(t) = -t**3 - 11*t**2 + 28*t - 203. Determine z(-14).
-7
Let k(l) = -2*l**3 - l**2 - 14*l - 9. What is k(0)?
-9
Let c(k) = -5*k**2 + 17*k + 52. What is c(-4)?
-96
Let g(c) = c**2 - 3*c - 60. What is g(15)?
120
Let y(b) = -15*b - 10. What is y(13)?
-205
Let s(t) = -28*t + 472. Determine s(19).
-60
Let g(z) = 2*z**3 - 9*z**2 + 28*z - 50. Give g(3).
7
Let h(z) = 169*z + 3405. Determine h(-23).
-482
Let t(o) = o**2 + 43*o + 187. Determine t(-5).
-3
Let b(x) = 84*x - 478. Determine b(6).
26
Let c(s) = 49*s - 436. Give c(9).
5
Let p(m) = -m**3 - 10*m**2 + 31*m + 321. What is p(-10)?
11
Let k(z) = z**3 - 19*z + 3. Calculate k(-6).
-99
Let s(q) = q**3 - 23*q**2 - 84*q + 640. Determine s(4).
0
Let x(r) = -r**3 + 167*r**2 + 2727*r + 543. Calculate x(182).
-3
Let c(d) = 15*d**2 + 164*d - 199. Determine c(-12).
-7
Let k(l) = -3*l**3 - 27*l**2 - 24*l. What is k(-8)?
0
Let x(l) = l**3 - 4*l**2 + 1013*l - 5082. Determine x(5).
8
Let k(s) = -3*s**3 + 55*s**2 - 24*s - 21. Calculate k(18).
-129
Let c(x) = -x**2 - 197*x + 4104. Determine c(-216).
0
Let a(s) = -11*s + 942. Determine a(85).
7
Let j(z) = -3*z**3 - z**2 - 121*z + 120. Determine j(1).
-5
Let z(w) = 5*w**2 - 39*w - 23. What is z(8)?
-15
Let d(v) = -231*v**2 - 4159*v - 60. Determine d(-18).
-42
Let a(u) = -239*u - 2754. Determine a(-15).
831
Let y(b) = -5*b**2 - 5*b + 33. Give y(-3).
3
Let g(d) = 13*d**2 + d - 47. Give g(0).
-47
Let t(a) = a**2 + 20*a + 131. Give t(-14).
47
Let y(b) = -2*b**2 + 40*b + 217. Give y(-10).
-383
Let b(t) = -5*t**3 - 2*t**2 + 5*t - 3. Give b(-3).
99
Let i(g) = g**2 + 229*g + 6940. Determine i(-36).
-8
Let a(w) = 2*w**3 - 9*w**2 + 5*w - 141. Calculate a(6).
-3
Let w(o) = -o**3 + 22*o**2 - 3*o - 141. Calculate w(22).
-207
Let l(u) = u**2 + 1202*u - 3629. Give l(3).
-14
Let p(y) = 367*y + 6675. What is p(-18)?
69
Let z(n) = 575*n - 12081. Give z(21).
-6
Let w(x) = 6*x**2 + 106*x - 271. Calculate w(-20).
9
Let k(a) = -a**3 + 10*a**2 - 61*a - 4. Determine k(6).
-226
Let c(o) = 48*o + 797. Determine c(-17).
-19
Let l(r) = r**3 - 169*r**2 + 2*r - 236. Give l(169).
102
Let k(x) = -2*x**2 - 56*x + 187. What is k(3)?
1
Let a(v) = -2*v**2 - 47*v - 81. Give a(-21).
24
Let h(b) = 3*b**3 - 61*b**2 + 18*b - 11. Determine h(20).
-51
Let a(p) = -p**3 + 116*p**2 - 2923*p + 2. What is a(79)?
2
Let d(r) = -5*r**3 - 3*r**2 - 5*r - 3. What is d(-2)?
35
Let y(j) = -5*j + 91. Determine y(17).
6
Let d(s) = s**3 - 6*s**2 + 62*s - 164. Calculate d(3).
-5
Let m(x) = -13*x**2 - 18*x - 23. Determine m(-2).
-39
Let m(c) = -3*c**2 + 56*c + 212. Determine m(-4).
-60
Let i(a) = 848*a - 4241. Give i(5).
-1
Let u(f) = -2*f**2 + 30*f + 9. What is u(16)?
-23
Let l(j) = 6*j + 332. Determine l(-19).
218
Let h(l) = -12*l**2 + 41*l + 41. Determine h(-1).
-12
Let h(f) = -7861*f + 70760. Calculate h(9).
11
Let r(w) = -w**2 + 8*w + 1202. What is r(39)?
-7
Let i(c) = 2*c**2 + 3*c - 183. Give i(-12).
69
Let a(f) = 3*f**3 + 47*f**2 + 11*f - 281. What is a(-15)?
4
Let l(k) = -2*k**3 - 247*k**2 + 112*k - 1494. What is l(-124)?
-6
Let m(b) = -2*b**3 + 361*b**2 + 176*b + 916. Determine m(181).
11
Let a(l) = l**2 + 15*l - 1. Calculate a(-16).
15
Let u(d) = 778*d + 10941. Determine u(-14).
49
Let w(g) = -6*g**3 + 1568*g**2 + 9623*g - 2. What is w(-6)?
4
Let x(k) = -k**3 - 7*k**2 + 102*k - 27. What is x(7)?
1
Let r(i) = -i**3 - 147*i**2 - 147*i - 107. What is r(-146)?
39
Let s(b) = b**2 - 20*b - 7. Calculate s(26).
149
Let y(o) = -18*o + 112. What is y(0)?
112
Let q(w) = -6*w**2 + 443*w + 505. What is q(75)?
-20
Let i(k) = -k**2 + 136*k + 1166. Determine i(144).
14
Let l(d) = 9*d**3 - 10*d**2 - 17*d + 8. Determine l(2).
6
Let m(x) = 31*x + 3156. Determine m(-102).
-6
Let q(y) = 183*y**2 - 1108*y + 7. What is q(6)?
-53
Let m(w) = -171*w - 3936. Calculate m(-24).
168
Let t(w) = -w**3 + 11*w**2 + 94*w - 57. What is t(-6)?
-9
Let o(m) = -75*m - 2942. Calculate o(-35).
-317
Let m(w) = -1662*w + 23272. Calculate m(14).
4
Let h(a) = 30*a**2 + 305*a + 38. Determine h(-10).
-12
Let l(d) = -d**3 + 58*d**2 - 39*d - 931. Give l(57).
95
Let l(b) = -2*b**2 - 22*b + 42. Calculate l(-11).
42
Let i(z) = 153*z - 2154. What is i(14)?
-12
Let m(v) = -v**2 - 138*v - 4564. Determine m(-83).
1
Let a(t) = 7*t**2 - 210*t - 220. Determine a(31).
-3
Let l(c) = -29*c - 870. Determine l(-28).
-58
Let z(l) = 2*l**2 + 758*l + 3027. Give z(-4).
27
Let r(o) = 7417*o - 22253. What is r(3)?
-2
Let j(f) = 20*f + 1147. Determine j(-52).
107
Let j(v) = -v**2 - 5*v + 114. Calculate j(0).
114
Let b(x) = -68*x - 469. What is b(-7)?
7
Let z(d) = -8*d**2 + 182*d + 181. Determine z(-1).
-9
Let j(u) = -806*u - 16126. Determine j(-20).
-6
Let s(o) = 3*o**2 - 554*o - 2841. Give s(-5).
4
Let k(f) = 91*f**2 - 1003*f + 4. Determine k(11).
-18
Let p(k) = 2*k**2 + 241*k - 2286. What is p(9)?
45
Let p(o) = -213*o + 434. Calculate p(2).
8
Let n(b) = -2*b + 212. Calculate n(-9).
230
Let j(d) = -d**2 + 1495*d - 29501. Determine j(20).
-1
Let l(z) = -z**2 + 32*z - 225. Determine l(22).
-5
Let g(p) = -493*p + 4463. Calculate g(9).
26
Let t(u) = u**3 + 52*u**2 + 148*u + 2. Determine t(-49).
-47
Let x(c) = 420*c + 3368. What is x(-8)?
8
Let g(h) = -5*h**2 - 275*h + 1182. What is g(-59)?
2
Let m(y) = -1059*y + 12708. Determine m(12).
0
Let n(j) = j**3 + 9*j**2 + 24*j - 21. Calculate n(-5).
-41
Let k(l) = -2*l**2 + 179*l + 464. Give k(92).
4
Let s(d) = -d**2 - 228*d - 457. Determine s(-2).
-5
Let x(l) = -22*l**2 - 29*l + 38. Determine x(-2).
8
Let k(f) = 8*f**3 - 4*f**2 - 6*f + 21. Calculate k(3).
183
Let f(k) = -2*k**2 + 87*k + 654. Calculate f(-7).
-53
Let o(k) = -18*k**2 - 8*k + 18. Calculate o(5).
-472
Let v(w) = w**3 - 20*w - 2. What is v(5)?
23
Let w(o) = -o**3 + 3*o**2 + 48*o - 160. Determine w(5).
30
Let g(j) = 1114*j + 20049. Give g(-18).
-3
Let w(u) = 39*u**2 - 1. Calculate w(-1).
38
Let g(w) = w**3 + 19*w**2 - 183*w + 5. Calculate g(7).
-2
Let d(l) = -l**3 - l**2 + 27*l + 63. What is d(-3)?
0
Let v(z) = -9*z**2 - 38*z + 3